{"id":156,"date":"2021-03-18T20:35:18","date_gmt":"2021-03-18T20:35:18","guid":{"rendered":"http:\/\/172.16.100.105\/?page_id=156"},"modified":"2024-09-24T18:05:39","modified_gmt":"2024-09-24T23:05:39","slug":"imagenologia","status":"publish","type":"page","link":"http:\/\/hgona.gob.ec\/index.php\/imagenologia\/","title":{"rendered":"Imagenolog\u00eda"},"content":{"rendered":"\n<p><\/p>\n\n\n\n<p><\/p>\n\n\n\n<figure class=\"wp-block-gallery has-nested-images columns-default is-cropped wp-block-gallery-1 is-layout-flex\">\n<figure class=\"wp-block-image size-large\"><img decoding=\"async\" loading=\"lazy\" width=\"1024\" height=\"768\" data-id=\"7171\"  src=\"http:\/\/hgona.gob.ec\/wp-content\/uploads\/2024\/09\/6M-1024x768.jpg\" alt=\"\" class=\"wp-image-7171\" srcset=\"http:\/\/hgona.gob.ec\/wp-content\/uploads\/2024\/09\/6M-1024x768.jpg 1024w, http:\/\/hgona.gob.ec\/wp-content\/uploads\/2024\/09\/6M-300x225.jpg 300w, http:\/\/hgona.gob.ec\/wp-content\/uploads\/2024\/09\/6M-768x576.jpg 768w, http:\/\/hgona.gob.ec\/wp-content\/uploads\/2024\/09\/6M-1536x1152.jpg 1536w, http:\/\/hgona.gob.ec\/wp-content\/uploads\/2024\/09\/6M-2048x1536.jpg 2048w\" sizes=\"(max-width: 1024px) 100vw, 1024px\" \/><\/figure>\n\n\n\n<figure class=\"wp-block-image size-large\"><img decoding=\"async\" loading=\"lazy\" width=\"1024\" height=\"768\" data-id=\"7170\"  src=\"http:\/\/hgona.gob.ec\/wp-content\/uploads\/2024\/09\/1M-1024x768.jpg\" alt=\"\" class=\"wp-image-7170\" srcset=\"http:\/\/hgona.gob.ec\/wp-content\/uploads\/2024\/09\/1M-1024x768.jpg 1024w, http:\/\/hgona.gob.ec\/wp-content\/uploads\/2024\/09\/1M-300x225.jpg 300w, http:\/\/hgona.gob.ec\/wp-content\/uploads\/2024\/09\/1M-768x576.jpg 768w, http:\/\/hgona.gob.ec\/wp-content\/uploads\/2024\/09\/1M-1536x1152.jpg 1536w, http:\/\/hgona.gob.ec\/wp-content\/uploads\/2024\/09\/1M-2048x1536.jpg 2048w\" sizes=\"(max-width: 1024px) 100vw, 1024px\" \/><\/figure>\n\n\n\n<figure class=\"wp-block-image size-large\"><img decoding=\"async\" loading=\"lazy\" width=\"1024\" height=\"572\" data-id=\"7110\"  src=\"http:\/\/hgona.gob.ec\/wp-content\/uploads\/2024\/09\/WhatsApp-Image-2024-09-03-at-16.09.31-2-1024x572.jpeg\" alt=\"\" class=\"wp-image-7110\" srcset=\"http:\/\/hgona.gob.ec\/wp-content\/uploads\/2024\/09\/WhatsApp-Image-2024-09-03-at-16.09.31-2-1024x572.jpeg 1024w, http:\/\/hgona.gob.ec\/wp-content\/uploads\/2024\/09\/WhatsApp-Image-2024-09-03-at-16.09.31-2-300x168.jpeg 300w, http:\/\/hgona.gob.ec\/wp-content\/uploads\/2024\/09\/WhatsApp-Image-2024-09-03-at-16.09.31-2-768x429.jpeg 768w, http:\/\/hgona.gob.ec\/wp-content\/uploads\/2024\/09\/WhatsApp-Image-2024-09-03-at-16.09.31-2.jpeg 1080w\" sizes=\"(max-width: 1024px) 100vw, 1024px\" \/><\/figure>\n<\/figure>\n\n\n\n<p>El servicio de Imagen del Hospital Gineco Obst\u00e9trico Pedi\u00e1trico de Nueva Aurora Luz Elena Arismendi cuenta con una estructura moderna, con equipos de \u00faltima tecnolog\u00eda y su personal altamente capacitados, lo que garantiza una atenci\u00f3n de alta calidad a nuestros pacientes que acuden a realizarse estudios de imagen.<\/p>\n\n\n\n<p>Nuestra cartera de servicios comprende<\/p>\n\n\n\n<ul>\n<li>Mamograf\u00eda ( unilateral, bilateral, con implantes)<\/li>\n\n\n\n<li>Densitometr\u00eda \u00f3sea &nbsp;( por regi\u00f3n y corporal total a hombres y mujeres a partir de los 15 a\u00f1os de edad)<\/li>\n\n\n\n<li>Ecograf\u00eda G\u00edneco- obst\u00e9trica, pedi\u00e1trica<\/li>\n\n\n\n<li>Ecocardiograma pedi\u00e1trico ( hasta los 15 a\u00f1os de edad)<\/li>\n\n\n\n<li>Biopsias CORE y PAAF de mama y tiroides<\/li>\n\n\n\n<li>Radiolog\u00eda port\u00e1til (cobertura de hospitalizaci\u00f3n)<\/li>\n\n\n\n<li>Tomograf\u00eda<\/li>\n<\/ul>\n\n\n\n<p><strong>&nbsp;Horario de atenci\u00f3n<\/strong><\/p>\n\n\n\n<ul>\n<li><strong>Mamograf\u00eda, densitometr\u00eda \u00f3sea y &nbsp;ecograf\u00eda<\/strong>.<\/li>\n<\/ul>\n\n\n\n<p>De&nbsp;lunes&nbsp;a&nbsp;viernes&nbsp;de 07:00 a 16:30<\/p>\n\n\n\n<ul class=\"has-normal-font-size\">\n<li><strong>Radiolog\u00eda port\u00e1til <\/strong><\/li>\n<\/ul>\n\n\n\n<p>24 horas<\/p>\n\n\n\n<p><strong>Entrega de resultados de Mamograf\u00edas<\/strong><\/p>\n\n\n\n<p>2 a 3 d\u00edas laborables.<\/p>\n\n\n\n<p>De 07:00 a 13:00 horas<\/p>\n\n\n\n<p><strong>Densitometr\u00eda \u00f3sea y ecograf\u00eda &nbsp;entrega inmediata.<\/strong><\/p>\n\n\n\n<p>M\u00e1s informaci\u00f3n al correo electr\u00f3nico saladeinformeshgona@gmail.com<\/p>\n\n\n\n<p><\/p>\n","protected":false},"excerpt":{"rendered":"<p>El servicio de Imagen del Hospital Gineco Obst\u00e9trico Pedi\u00e1trico de Nueva Aurora Luz Elena Arismendi cuenta con una estructura moderna,<\/p>\n","protected":false},"author":1,"featured_media":0,"parent":0,"menu_order":0,"comment_status":"closed","ping_status":"closed","template":"","meta":[],"_links":{"self":[{"href":"http:\/\/hgona.gob.ec\/index.php\/wp-json\/wp\/v2\/pages\/156"}],"collection":[{"href":"http:\/\/hgona.gob.ec\/index.php\/wp-json\/wp\/v2\/pages"}],"about":[{"href":"http:\/\/hgona.gob.ec\/index.php\/wp-json\/wp\/v2\/types\/page"}],"author":[{"embeddable":true,"href":"http:\/\/hgona.gob.ec\/index.php\/wp-json\/wp\/v2\/users\/1"}],"replies":[{"embeddable":true,"href":"http:\/\/hgona.gob.ec\/index.php\/wp-json\/wp\/v2\/comments?post=156"}],"version-history":[{"count":5,"href":"http:\/\/hgona.gob.ec\/index.php\/wp-json\/wp\/v2\/pages\/156\/revisions"}],"predecessor-version":[{"id":7174,"href":"http:\/\/hgona.gob.ec\/index.php\/wp-json\/wp\/v2\/pages\/156\/revisions\/7174"}],"wp:attachment":[{"href":"http:\/\/hgona.gob.ec\/index.php\/wp-json\/wp\/v2\/media?parent=156"}],"curies":[{"name":"wp","href":"https:\/\/api.w.org\/{rel}","templated":true}]}}